238.
34
Calculate the greatest common divisor of 15375 and 129273.
123
Calculate the greatest common factor of 11610 and 352514.
86
Calculate the highest common divisor of 119955075 and 150.
75
What is the highest common divisor of 13192860 and 660?
60
Calculate the greatest common divisor of 62563938 and 13512.
3378
What is the highest common factor of 13431 and 1675767?
111
Calculate the greatest common factor of 181517362 and 2236.
1118
What is the greatest common factor of 272502959 and 38?
19
Calculate the greatest common factor of 1092906 and 5576118.
3282
What is the highest common divisor of 105300516 and 204?
204
What is the greatest common divisor of 6396 and 520413?
123
What is the greatest common divisor of 669 and 40710211?
223
What is the highest common divisor of 28805114 and 208?
26
What is the highest common divisor of 69179 and 8360?
209
Calculate the highest common divisor of 190092 and 26691.
651
What is the highest common factor of 276 and 875644408?
92
What is the greatest common factor of 562 and 3252?
2
What is the greatest common divisor of 1615 and 452302?
17
What is the greatest common divisor of 38 and 485896671?
19
What is the greatest common divisor of 1164827 and 559?
43
Calculate the greatest common factor of 661799 and 60012.
1667
Calculate the greatest common factor of 10816 and 8168.
8
What is the highest common divisor of 1824 and 909492?
228
Calculate the greatest common divisor of 90508 and 49412.
44
Calculate the highest common factor of 70 and 397535348.
14
Calculate the highest common divisor of 181018 and 355018.
58
Calculate the highest common factor of 32 and 15874972.
4
Calculate the greatest common divisor of 44559739 and 26152.
3269
Calculate the highest common divisor of 24 and 212857716.
12
What is the greatest common divisor of 39005 and 490925?
1345
Calculate the greatest common factor of 319723375 and 250.
125
Calculate the highest common divisor of 448 and 1858672.
16
Calculate the highest common divisor of 15980 and 260145.
235
Calculate the greatest common factor of 20 and 38529420.
20
Calculate the highest common factor of 102 and 65110238.
34
What is the greatest common divisor of 127674 and 160371?
1557
Calculate the greatest common factor of 9510 and 83910.
30
Calculate the highest common divisor of 33726 and 15523158.
3066
What is the greatest common factor of 277048162 and 17744?
2218
Calculate the greatest common factor of 3556032 and 192.
192
Calculate the highest common factor of 4653 and 45738473.
517
Calculate the highest common factor of 15980 and 1983.
1
What is the greatest common divisor of 20 and 6405548?
4
Calculate the highest common divisor of 90 and 331913550.
30
What is the greatest common divisor of 2021312 and 256?
64
Calculate the greatest common divisor of 1552 and 260542.
194
Calculate the highest common factor of 22809537 and 621.
207
Calculate the greatest common factor of 1759142 and 1078.
154
What is the highest common divisor of 311 and 97241303?
311
Calculate the greatest common factor of 25380 and 57100770.
4230
What is the highest common divisor of 36512004 and 12?
12
Calculate the highest common divisor of 37947117 and 13.
13
What is the highest common factor of 396 and 51449838?
66
What is the greatest common divisor of 2668808 and 10840?
2168
Calculate the greatest common divisor of 32691 and 1555755.
51
What is the highest common factor of 2496 and 596271?
39
What is the highest common divisor of 78581986 and 931?
931
What is the highest common factor of 2862 and 160092648?
954
Calculate the greatest common factor of 48 and 39934272.
48
Calculate the greatest common factor of 904058 and 513.
19
Calculate the highest common factor of 151463241 and 189.
9
Calculate the highest common factor of 13233130 and 488765.
7295
What is the highest common factor of 44 and 5337288?
44
Calculate the greatest common factor of 56687274 and 217686.
3066
Calculate the highest common factor of 19025162 and 286.
26
What is the greatest common divisor of 443808 and 1840?
368
Calculate the highest common factor of 60 and 1287335.
5
What is the highest common divisor of 2646 and 529809?
21
Calculate the highest common factor of 411183 and 396439.
97
Calculate the greatest common divisor of 614 and 12861151.
307
What is the greatest common divisor of 337272 and 37827088?
2392
Calculate the highest common divisor of 165676932 and 48.
12
Calculate the greatest common factor of 1000 and 612760.
40
What is the greatest common factor of 21850 and 3112015?
115
Calculate the highest common factor of 516816 and 17168.
592
What is the greatest common divisor of 1693677964 and 53?
53
What is the greatest common divisor of 2592 and 3075504?
48
What is the greatest common factor of 488 and 4218785864?
488
Calculate the greatest common divisor of 2592 and 570159.
81
What is the highest common factor of 66 and 769409091?
33
What is the greatest common factor of 1086076 and 5014?
218
What is the greatest common divisor of 182319717 and 33237?
3693
Calculate the highest common factor of 12 and 29333496.
12
What is the greatest common factor of 357 and 42767206?
17
Calculate the greatest common divisor of 399108 and 652224.
948
Calculate the greatest common factor of 11531 and 1861925.
13
Calculate the greatest common divisor of 20788 and 167.
1
What is the greatest common factor of 136420 and 12115?
5
Calculate the highest common divisor of 327382 and 3969570.
506
What is the highest common factor of 54 and 665316?
18
What is the greatest common divisor of 12817014 and 619?
619
What is the greatest common divisor of 528871395 and 117?
39
What is the greatest common factor of 6424 and 14842652?
3212
What is the highest common divisor of 8181209 and 478?
239
Calculate the greatest common divisor of 446982 and 4161459.
2829
What is the highest common factor of 39091 and 28613?
403
Calculate the greatest common divisor of 50507712 and 1296.
1296
What is the greatest common factor of 96 and 177134304?
96
Calculate the greatest common divisor of 189 and 15450813.
63
What is the greatest common divisor of 38367 and 38220?
147
What is the highest common divisor of 51811 and 324262?
197
What is the greatest common factor of 53136 and 17307576?
2952
What is the highest common divisor of 118552 and 10288040?
1624
Calculate the highest common factor of 1399108 and 91187.
1361
What is the highest common divisor of 61790 and 13041030?
1670
What is the highest common divisor of 20 and 189754990?
10
What is the highest common factor of 53251 and 37444517?
1133
Calculate the highest common factor of 2365 and 32840863.
473
Calculate the highest common divisor of 86287290 and 1474.
134
What is the greatest common factor of 74947 and 46339?
149
What is the highest common divisor of 3289263 and 333?
111
Calculate the highest common divisor of 48487 and 74.
1
Calculate the greatest common divisor of 26944 and 6569284.
1684
What is the greatest common divisor of 301 and 5933570?
43
What is the greatest common factor of 1057 and 263893?
7
What is the highest common factor of 22693084 and 1818?
202
What is the highest common factor of 165679085 and 1001?
143
Calculate the highest common divisor of 57382868 and 4.
4
Calculate the highest common divisor of 303446 and 19734.
286
What is the highest common factor of 5452975 and 11850?
1975
Calculate the greatest common factor of 352 and 27585008.
176
Calculate the greatest common factor of 5346303 and 1238.
619
What is the highest common divisor of 31436 and 285092?
1084
Calculate the greatest common factor of 80 and 1309745.
5
Calculate the greatest common divisor of 1992 and 237144.
24
What is the greatest common factor of 59130 and 10854?
162
What is the highest common factor of 62081550 and 10?
10
Calculate the greatest common divisor of 39048 and 14813835.
4881
What is the greatest common factor of 316100 and 368420?
2180
Calculate the greatest common factor of 1000804 and 37324.
868
What is the greatest common divisor of 88 and 88786522?
22
What is the highest common divisor of 344016 and 864?
144
What is the highest common factor of 12658614 and 6?
6
Calculate the highest common divisor of 1012 and 57930422.
506
Calculate the highest common divisor of 5593 a